lculate the highest common divisor of u and y.
7
Suppose 172 = 5*u + 2*w - 376, 4*u + 4*w - 448 = 0. Calculate the highest common factor of u and 1044.
36
Let k be 1335/20*64/6 + 3. What is the greatest common divisor of 65 and k?
65
Let r(x) = -2*x**3 + 12*x**2 - 2*x. Let o be r(6). Let n = o + 51. What is the greatest common factor of n and 13?
13
Suppose -3*d + 50*a - 48*a + 106 = 0, a + 35 = d. Calculate the highest common factor of 738 and d.
18
Suppose 0 = -2*h - 3*h - 255. Let b = h + 52. What is the greatest common factor of 10 and b?
1
Let j(n) = -n**3 + 9*n**2 + 188*n - 12. Let b be j(-10). Calculate the greatest common divisor of b and 920.
8
Let u(t) = -t**2 - 39*t + 102. Let h be u(-22). What is the greatest common divisor of h and 68?
68
Suppose -4*v - 60 = 3*u - 4*u, 0 = 4*v + 4. Calculate the greatest common factor of u and 980.
28
Suppose -3*w = 5*x - 2*w - 40, 2*x = 4*w - 6. Suppose -2*o - 10 = -2*g, -o + 4 = g - x. What is the greatest common factor of 56 and g?
8
Let i = -909 - -972. Calculate the highest common divisor of 153 and i.
9
Let p be (105 + -2)/((-2)/(-2)) + -3. Let x(b) = -10*b. Let n be 10/(-4)*(-36)/(-45). Let a be x(n). Calculate the greatest common divisor of a and p.
20
Let k be 424 - 2*(4 - (-77)/(-14)). What is the greatest common factor of 244 and k?
61
Let c(m) = 3*m**2. Let o be c(-5). Calculate the highest common divisor of 50 and o.
25
Let s(p) = 13*p**2 + p + 2. Let q = -2 - -6. Suppose 0*g - 2*g + q = 0. Let y be s(g). Calculate the highest common factor of 8 and y.
8
Suppose 3*s = 6 + 9. Suppose -44 = -5*w + w - 4*q, -q + 55 = s*w. Let o = -64 - -108. What is the highest common factor of w and o?
11
Let z(o) = -6*o**3 + o. Let f be z(-4). Suppose 0 = 5*d + 2*w - 1090 + f, 0 = -d + 5*w + 115. Calculate the highest common divisor of 28 and d.
28
Let p be (-3)/(-2)*(-12)/(-2). Let r be p*(22/6 + -1). Suppose 125*f = 131*f - 1152. What is the highest common divisor of r and f?
24
Suppose -15*r + 32*r = 187. Calculate the greatest common factor of 44 and r.
11
Suppose 4*o - 5*o = 3*g + 298, 0 = g - o + 98. Let c = 109 + g. Calculate the greatest common factor of 4 and c.
2
Suppose 0 = -3*r - 2*d - 10, -4*d = -4*r - r - 46. Suppose k + 15 = 6*k. Let c = k - r. Calculate the greatest common divisor of 1 and c.
1
Let q be 1220/15 - (-4)/6. Suppose 2*b + 122 = -q. Let n = -62 - b. Calculate the highest common factor of n and 10.
10
Let l(p) = -p**3 - 9*p**2 + 10. Let o = 29 + -38. Let j be l(o). What is the highest common factor of j and 70?
10
Let v = 13 - 10. Suppose c = -v*c + 368. What is the highest common factor of 23 and c?
23
Let o(x) = -3*x + 3. Let y be o(-4). Suppose -108 = -b + 4*b - 3*d, 5*b = -5*d - 210. Let p = b - -42. Calculate the highest common factor of y and p.
3
Let z be (-10)/55 + (-534)/(-33). Let a be z/88 - (-106)/22. Let r = a + 3. Calculate the highest common divisor of 40 and r.
8
Suppose f - w = -1, 0*f = -f - 5*w + 17. Let b be 57/f - (-18)/12. Let u = b + -27. What is the greatest common factor of u and 3?
3
Suppose 0 = -w - 2*l + 2, 0 = -4*w + 8*w - 3*l - 30. Let s = w - -7. What is the highest common factor of s and 13?
13
Suppose -3476 = -4*y - 4*r, 5226 = 6*y - 2*r + 5*r. Calculate the highest common factor of y and 97.
97
Let n = -47 - -50. Suppose j = 3*j + 2*u - 344, -n*j + 5*u + 540 = 0. What is the highest common factor of j and 35?
35
Suppose -13*d - 27 + 131 = 0. Suppose -20 = -10*y + d*y. Let p = 45 + 25. Calculate the highest common divisor of y and p.
10
Suppose 0 = -85*a + 96*a - 110. Calculate the greatest common factor of 110 and a.
10
Suppose 13*x - 338 = -78. What is the highest common factor of 520 and x?
20
Let t = 494 + -445. Calculate the greatest common divisor of t and 49.
49
Suppose -5*n - 3*b = -n + 1, 4*n + 4*b = -4. Let o be (-21*(-8)/12)/(n/22). What is the highest common factor of 14 and o?
14
Let j be 4/(-12) + ((-1520)/(-24) - 6). What is the greatest common divisor of 247 and j?
19
Let y(x) = x**2 - 2*x - 7. Let o be y(5). Let w(h) = 6*h. Let c be w(o). Let f be (-131)/(-4) + 9/(-12). Calculate the greatest common divisor of f and c.
16
Let o = -544 - -744. Calculate the highest common factor of 250 and o.
50
Suppose -4*k = -2*r - 52, -3*k = -0*r - 2*r - 39. Suppose 0 = -308*x + 303*x + 455. What is the highest common factor of x and k?
13
Suppose 4*a - 3*i = 60, 25*a - 3*i = 22*a + 42. Calculate the highest common factor of 1926 and a.
18
Suppose 0 = x + d - 4, -4*d = -x - 69 + 98. What is the greatest common divisor of x and 1773?
9
Let g = 0 + 0. Let d be 1 - g - (3 + -3). Let o be 310/(-93)*(-6)/4. What is the highest common factor of d and o?
1
Let c(s) = -s**3 - 22*s**2 - 47*s + 41. Let o be c(-22). Calculate the greatest common factor of o and 43.
43
Suppose 6*y + 8 = 10*y, -64 = -4*r - 2*y. What is the greatest common factor of r and 285?
15
Let r(a) = -2*a**3 - 17*a**2 - 17*a + 12. Let v be r(-8). What is the greatest common factor of v and 112?
28
Suppose 19*q - 2396 = 1404. What is the highest common divisor of 40 and q?
40
Let g = 27 + 12. Let h = g + -31. Calculate the highest common factor of h and 8.
8
Suppose -169*v + 166*v = -567. What is the highest common divisor of 27 and v?
27
Let t = -220 - -789. Suppose -4*c = 3*i - t, 5*i - 46 - 249 = -2*c. What is the greatest common factor of 20 and c?
20
Let j be ((-36)/42)/((-5)/210). Calculate the greatest common divisor of j and 84.
12
Suppose -200 = -7*n - 3*n. Let v = -12 + n. Let x(q) = -29*q + 1. Let a be x(-3). What is the highest common divisor of v and a?
8
Suppose 3*q - 20 = 10. Let x be (-98)/q - (-3)/(-15). Let h be (-1)/(-2) - 75/x. What is the highest common factor of 20 and h?
4
Suppose 3*u - 3*t = -6*t + 435, 4*t - 440 = -3*u. What is the highest common divisor of 532 and u?
28
Let a be (-2888)/57*(-18)/4. Calculate the highest common factor of a and 171.
57
Let t(g) = g + 117. Let m be t(-7). Calculate the greatest common divisor of m and 110.
110
Let l(i) = -2*i**3 - 28*i**2 - 28*i - 10. Let u be l(-13). What is the greatest common factor of u and 296?
8
Suppose -4*f = 7 + 17. Suppose 45 = -32*x + 35*x. Let n be f/x + (-424)/(-10). Calculate the highest common factor of 6 and n.
6
Let a(o) = 19*o - 117. Let b be a(8). What is the greatest common divisor of b and 10?
5
Suppose -33 = -2*c + 65. Let p = c - 28. Let f = -67 + 235. Calculate the greatest common factor of p and f.
21
Let y = -2 - -8. Let p = 1 - y. Let r be p/(-20) + 129/12. What is the greatest common factor of 99 and r?
11
Let l(m) = 0 - 1 + 0 + 12*m. Let x be l(2). Calculate the greatest common factor of 207 and x.
23
Let o(b) = 2*b**2 + 6*b. Let z be o(-6). Let c = 46 + -64. Let f be 5/(-7 - -2)*c*3. Calculate the highest common factor of f and z.
18
Let d = 455 - 421. What is the greatest common factor of d and 782?
34
Let t be 77/(10 + -3) + -1. What is the highest common divisor of t and 38?
2
Let g(n) = 5*n**2 - 1. Let x be g(-1). Suppose 2*w - 2 = -2*k, 8*w - x*w - 20 = 0. Let o be (-1)/k - (-91)/4. Calculate the greatest common factor of 23 and o.
23
Let r = -1042 - -1044. What is the greatest common divisor of r and 234?
2
Suppose -5*s + 21 + 39 = 2*u, 2*s - 24 = -4*u. Suppose 4*q = 4*i - 536, -4*i + 3*q + 33 + 501 = 0. What is the greatest common factor of i and s?
12
Suppose 0 = -5*w - 64 + 9. Let y = w + 19. Let a = y - -17. What is the greatest common factor of 5 and a?
5
Let x be 422 + -1 + (-24 - -16). Calculate the highest common divisor of x and 7.
7
Let q = 5 + -17. Let m(n) = n**3 + 11*n**2 - 14*n - 16. Let h be m(q). What is the highest common divisor of h and 12?
4
Suppose 48*s = 1742 + 946. What is the highest common divisor of 1288 and s?
56
Let t(w) = 22*w - 70. Let b be t(9). Calculate the highest common factor of 24 and b.
8
Let a = -130 - -143. Calculate the highest common divisor of 221 and a.
13
Let x be ((-35)/14)/(2/20). Let u = 40 + x. Suppose 3*g = 306 + 9. Calculate the highest common divisor of g and u.
15
Suppose 4 - 16 = 4*s. Let w be 2/s*(-52 + 4). Suppose w = 3*k - 2*k. Calculate the greatest common factor of 4 and k.
4
Suppose 0 = 81*o - 73*o - 2040. Calculate the greatest common divisor of o and 15.
15
Let v be (-18)/81 + 94/18. Suppose -v*w - 3*m = -15, 